he units digit of f?
5
Let f be (16/(-10))/(5/125). What is the units digit of (-1)/3*(f - 2)?
4
Let f be (-2)/(-8) - 46/(-8). Let k = f + 7. Suppose -2*q - k + 35 = 0. What is the units digit of q?
1
Suppose 26 = 5*f - 4. What is the units digit of f?
6
Let l = 5 + -42. Let u = l - -62. What is the units digit of u?
5
Let w(z) = -3*z + 1. Let u(k) = -3*k + 1. Let j(l) = 4*u(l) - 5*w(l). Let x be j(2). Suppose -x*y + 18 - 3 = 0. What is the units digit of y?
3
Suppose -12*h = -11*h. What is the units digit of -11 - -52 - (h - -2)?
9
Let f(g) = -g**3 + 5*g**2 + 3. Suppose 4*s - 17 - 13 = -2*i, 2*i = 2*s. Let x be f(i). Suppose x*j - 6 = j. What is the units digit of j?
3
Let d(o) = -o**3 - 7*o**2 + 5. Let k be d(-7). Let m(v) be the first derivative of -v**4/4 + 4*v**3/3 + 7*v**2/2 - 4*v + 4. What is the units digit of m(k)?
6
Let c = 268 + -146. What is the tens digit of c?
2
Let h(s) = 2*s - 7. Let a be h(-7). What is the tens digit of -1*(5 + -3) - a?
1
Suppose -54 = -5*m - 4*c - 479, 0 = 5*m + 2*c + 415. What is the tens digit of 18/m - (-616)/18?
3
Let j(r) = -34*r - 34. What is the units digit of j(-8)?
8
Suppose 0 = -m + 4*m. Suppose m = -t + 5*t. Let g = 1 + t. What is the units digit of g?
1
What is the units digit of ((-2)/4)/((-12)/72)?
3
Let t(s) = s. Let j be t(4). Let y(n) = n**3 - 3*n**2 - n - 3. Let r be y(j). Let d = r + -5. What is the units digit of d?
4
Let n be (34/3)/(4/(-42)). Let x be (-2)/9 + n/(-9). Suppose 8*c - x = 4*c + h, 3*h = -3*c + 21. What is the units digit of c?
4
What is the tens digit of 10/(160/44 - 4)*-10?
7
Suppose 5*b = 3*z - 359, 0 = -2*b - 2. Suppose -z - 77 = -5*r. Suppose 4*w = -3*q + r - 12, 0 = q + 3*w - 14. What is the units digit of q?
5
Let g be (-2)/(-9) + (-6)/27. Suppose 7*a - 2*a = g. Suppose a = -3*t + 3 + 3. What is the units digit of t?
2
Suppose 2*y + 5 = 1. What is the units digit of y/(6/(-69)) + 1?
4
Suppose -3*s + 65 = -8*s + 4*l, 3*s - 2*l = -41. Let r = -41 - -70. Let v = s + r. What is the units digit of v?
2
Let y(p) = p**2 + 2*p + 1. Let m be y(-2). Let j(r) = -9*r**2 + 2*r. Let s(b) = -5*b**2 + b. Let h(d) = 6*j(d) - 11*s(d). What is the units digit of h(m)?
2
Let a(j) = 41*j**2 + 2*j - 1. Let m be a(1). Let z(d) = d + 10. Let i be z(-7). Suppose 5*x = 4*q - 56, i*q + 11 = x + m. What is the units digit of q?
9
Let c = 61 + 64. What is the units digit of c?
5
Let p be (12/8)/((-6)/8). What is the tens digit of (18 - -2 - p)*1?
2
Let t = 8 + 12. Suppose 0*f + t = 5*f. Suppose -3*q = f*v + 1, q - 2*v = 3*q. What is the units digit of q?
1
Let m(s) = s - 1. Let g be m(5). Suppose g*w + 0*w = 156. What is the units digit of w?
9
What is the units digit of 79 + -3 + 4 + -4?
6
Suppose 4*n = 4*t - 52 - 292, 5*n = -2*t + 165. What is the tens digit of t?
8
Suppose 2*z + 28 + 53 = u, -3*z - 123 = -3*u. What is the units digit of (-27)/(-2)*z/(-30)?
8
Suppose -5*t = -1 + 51. Let p(d) = d**3 + 9*d**2 - 11*d + 5. What is the tens digit of p(t)?
1
Let m(w) be the first derivative of -w**4/4 + 5*w**3/3 - w**2/2 - 5*w + 2. Let j be m(5). What is the units digit of (-4 - j)/(0 - -2)?
3
Suppose -224 = -3*x + x. Suppose 4*p = 4, 3*p - x = -5*s + 36. What is the tens digit of s?
2
Let d(o) = -2*o - 10. Let f be d(-9). Let n(s) = -s + 11. Let c be n(f). Suppose -c*q = r - 21, 7*q - 46 = 2*q + 2*r. What is the units digit of q?
8
Let q be (-3)/(-2)*(-2 + 4). Suppose q*m - 8 = -m. What is the units digit of m?
2
Suppose 0 = 8*y - 1723 - 21. What is the hundreds digit of y?
2
Let w(y) = y**3 + 8*y**2 + 5*y + 5. Let k be w(-7). Let c = k + -5. What is the tens digit of c?
1
Let s be 5*(6/10 + 0). Suppose 3*f = s, -2*r - r - 3*f - 6 = 0. What is the units digit of 1*((-1 - r) + 1)?
3
Suppose 3*y - 198 = -w, w - 2*y = -7*y + 204. What is the tens digit of w?
8
Let h = 20 - 12. Suppose -3*p = -h*p + 35. What is the units digit of p?
7
Let z = 10 - -8. Suppose 5*n - z = 12. What is the units digit of n?
6
Let v = 270 - -32. What is the hundreds digit of v?
3
Let k(a) = 6*a + 7. What is the tens digit of k(5)?
3
Let k(r) be the third derivative of r**5/60 + 5*r**4/12 + 13*r**3/6 - r**2. What is the units digit of k(-9)?
4
Suppose -7*g - 18 = -k - 3*g, 0 = -4*k - 4*g + 52. Let s be 4/(-18) - k/18. What is the units digit of (13 + 1)*s/(-2)?
7
Let d = -12 - -18. What is the units digit of 2/d - (-56)/21?
3
Suppose 2*f - 5*k - 41 = 81, -5*f - k + 305 = 0. What is the tens digit of f?
6
Let v(h) = h + 21. What is the tens digit of v(21)?
4
Let y be (-1 + 2)*4/1. Let h = 6 - y. What is the units digit of h?
2
Suppose -4*f + 4*p = 8*p - 8, 2*f + 2 = -4*p. Let v be 33/((-9)/(-3)) + -3. Suppose f + v = d. What is the units digit of d?
3
What is the tens digit of (4/(-8))/((-1)/70)?
3
Suppose 5*l + 2*k - 413 = 167, l - 116 = -4*k. What is the hundreds digit of l?
1
Let l be 4/(-10) + (-124)/(-10). Suppose -4 = -i + l. What is the tens digit of i?
1
Suppose -b + 77 = -t - 55, -5*b = -4*t - 656. What is the tens digit of b?
2
Suppose 5*r + 30 = 3*r. Let b = r - -33. What is the units digit of b?
8
What is the tens digit of ((-4)/(-8))/(7/938)?
6
What is the tens digit of ((6 - (-1 - -3)) + -6)*-178?
5
Suppose -4*m = 3*d - 29, 4*m - 42 = -5*d + 17. Let o = -8 + d. Let x(s) = s**3 - 7*s**2 + 1. What is the units digit of x(o)?
1
What is the hundreds digit of (8 + -7)/(3/(-1452)*-2)?
2
What is the units digit of -22*(-1)/2 + 1?
2
Suppose -2*x = -2*v - 20, 0 = -4*x - x - 5*v. Let o(u) = -u**3 + 6*u**2 - 5*u + 1. What is the units digit of o(x)?
1
Suppose -2*f = 4*y - 0*f - 26, 0 = -5*y - 2*f + 31. What is the units digit of y?
5
Let q = -4 + 7. Let p(n) = 7*n**3 - 11*n**2 - 7*n - 2. Let w(v) = 3*v**3 - 5*v**2 - 3*v - 1. Let i(u) = 2*p(u) - 5*w(u). What is the units digit of i(q)?
4
Suppose f = -0*y + 2*y + 6, y + 17 = 4*f. Suppose 0 = -4*w + f*i + 112, -w - 10 = -2*w - 5*i. What is the units digit of w?
5
Suppose -12*j + 600 = 36. What is the tens digit of j?
4
Suppose -3*m + w + 77 = 0, -3*m + 5*m - 28 = -4*w. What is the tens digit of m?
2
Suppose -5*a = -5 - 5. Suppose 3*s = a*r - 16, 2*r + 2*s - 44 = -2*s. What is the units digit of r?
4
Let s(n) = -n**2 + 8*n - 7. Let c be s(6). Suppose c*y - 3*w = -131 + 32, -2*y - 38 = -2*w. Let g = y + 34. What is the tens digit of g?
1
Let h = 8 - 4. Suppose 3*o = -h*a + 117, -6*a + 2*a = -2*o - 122. What is the units digit of a?
0
Let a(o) = -o**2 + o - 2. Let v be a(3). Let i(u) = 15*u**3 - u**2 + u - 1. Let w be i(1). Let x = w + v. What is the units digit of x?
6
What is the tens digit of 3/(9/453) + -4?
4
Let m(c) = -2*c**3 - 5*c**2 + 9*c - 2. What is the tens digit of m(-5)?
7
Suppose 0 = -4*d, -5*w + d + 20 = -3*d. Suppose 0 = f - 3 - w. What is the units digit of f?
7
Suppose 0 = a + 2*d - 1 - 4, 0 = -a - d + 3. Let g be -4 + 1 - (-5 - a). Suppose 0 = g*p - 50 - 4. What is the tens digit of p?
1
Suppose -2*g - 62 = -2*f, -f = -2*g - 0*g - 35. What is the tens digit of f?
2
Let d = -10 - -12. Suppose 4*h - 5*y - 35 = -d*y, 3*h - 2*y - 26 = 0. What is the units digit of h?
8
Let v be 2 - (2/2 - 4). Suppose -5*q - v + 100 = -3*y, -4*y = -4*q + 76. What is the tens digit of q?
1
Suppose 2*l + 2 = -2*n, 0*n - 3*l = -n + 19. Suppose 0 = -0*g - 4*g - n*j, j = 5*g - 12. Suppose -s = -g*s + 9. What is the units digit of s?
9
Let y(x) = 2*x**2 - 17*x + 22. What is the units digit of y(10)?
2
Let f(d) = 17*d + 16. What is the units digit of f(10)?
6
Let m(w) = 33*w**2 + 5*w + 2. What is the hundreds digit of m(-2)?
1
Let s = 4 + -1. Let n = s - 1. Suppose 0 = -5*i - n*q - q + 21, -2*i = -3*q. What is the units digit of i?
3
Let i(l) = -l**2 - 10*l + 4. Let n be i(-10). Suppose -3*z - 9 = -n*y, z = -z + 2. What is the units digit of -3*y/12*-8?
6
Suppose -3*x - 3 = 3*s, -3*s + 2*x = -0*x + 18. Let f be (s/(-7))/((-12)/(-42)). What is the tens digit of 23/f + (-2)/(-4)?
1
Let d = -1 + 4. Let j(k) = d - 6*k + 6*k - k. What is the units digit of j(-6)?
9
Let v(x) = 7*x - 1. Let o(h) = 10*h - 1. Let z(a) = -5*o(a) + 7*v(a). Let u(k) = -6*k - 11. Let q(b) = -6*u(b) + 33*z(b). What is the units digit of q(4)?
2
Let b = -16 + 78. What is the units digit of b?
2
Let t be (2/3)/((-6)/(-45)). Suppose -t*o = -55 + 5. What is the units digit of o?
0
Let p = -1 - 11. What is the units digi